{"id":88,"date":"2017-03-09T15:30:46","date_gmt":"2017-03-09T14:30:46","guid":{"rendered":"http:\/\/hcwo.be\/?page_id=88"},"modified":"2023-03-09T09:22:08","modified_gmt":"2023-03-09T08:22:08","slug":"nos-different-espaces-therapeutiques","status":"publish","type":"page","link":"https:\/\/hcwo.be\/?page_id=88","title":{"rendered":"NOS ESPACES"},"content":{"rendered":"<p><strong>Nos 12 different Espaces Th\u00e9rapeutiques:<\/strong><\/p>\n<p><strong>HCWO (c\u00f4t\u00e9 rue)<\/strong><\/p>\n<ul>\n<li>ARNICA<\/li>\n<li>ECHINACEA<\/li>\n<li>EUCALYPTUS<\/li>\n<li>GINKGO<\/li>\n<li>LOTUS<\/li>\n<li>CALENDULA<\/li>\n<li>CHAMOMILLA<\/li>\n<\/ul>\n<p><strong>HCWO (C\u00f4te jardin)<\/strong><\/p>\n<ul>\n<li>MENTHA<\/li>\n<li>LAVENDULA<\/li>\n<li>PASSIFLORA<\/li>\n<li>YLANG<\/li>\n<li>BELLADONNA<\/li>\n<\/ul>\n<p><strong>FOTOS:<\/strong><\/p>\n<p style=\"text-align: center;\">ARNICA:<\/p>\n<p><img loading=\"lazy\" decoding=\"async\" class=\"size-medium wp-image-550 aligncenter\" src=\"http:\/\/hcwo.be\/wp-content\/uploads\/2019\/02\/HCWO-arnica-1-1-300x225.jpg\" alt=\"\" width=\"300\" height=\"225\" srcset=\"https:\/\/hcwo.be\/wp-content\/uploads\/2019\/02\/HCWO-arnica-1-1-300x225.jpg 300w, https:\/\/hcwo.be\/wp-content\/uploads\/2019\/02\/HCWO-arnica-1-1-768x576.jpg 768w, https:\/\/hcwo.be\/wp-content\/uploads\/2019\/02\/HCWO-arnica-1-1.jpg 1024w, https:\/\/hcwo.be\/wp-content\/uploads\/2019\/02\/HCWO-arnica-1-1-720x540.jpg 720w\" sizes=\"auto, (max-width: 300px) 100vw, 300px\" \/><\/p>\n<p style=\"text-align: center;\">BELLADONNA:<\/p>\n<p style=\"text-align: center;\"><img loading=\"lazy\" decoding=\"async\" class=\"size-medium wp-image-523 alignnone\" src=\"http:\/\/hcwo.be\/wp-content\/uploads\/2019\/02\/HCWO-Belladonna-2013-8-300x225.jpg\" alt=\"\" width=\"300\" height=\"225\" srcset=\"https:\/\/hcwo.be\/wp-content\/uploads\/2019\/02\/HCWO-Belladonna-2013-8-300x225.jpg 300w, https:\/\/hcwo.be\/wp-content\/uploads\/2019\/02\/HCWO-Belladonna-2013-8-768x576.jpg 768w, https:\/\/hcwo.be\/wp-content\/uploads\/2019\/02\/HCWO-Belladonna-2013-8.jpg 1024w, https:\/\/hcwo.be\/wp-content\/uploads\/2019\/02\/HCWO-Belladonna-2013-8-720x540.jpg 720w\" sizes=\"auto, (max-width: 300px) 100vw, 300px\" \/><\/p>\n<p style=\"text-align: center;\">CALENDULA<\/p>\n<p style=\"text-align: center;\"><img loading=\"lazy\" decoding=\"async\" class=\"aligncenter size-medium wp-image-967\" src=\"http:\/\/hcwo.be\/wp-content\/uploads\/2023\/03\/Calendula-2023-scaled-e1678349929137-300x225.jpg\" alt=\"\" width=\"300\" height=\"225\" srcset=\"https:\/\/hcwo.be\/wp-content\/uploads\/2023\/03\/Calendula-2023-scaled-e1678349929137-300x225.jpg 300w, https:\/\/hcwo.be\/wp-content\/uploads\/2023\/03\/Calendula-2023-scaled-e1678349929137-768x576.jpg 768w, https:\/\/hcwo.be\/wp-content\/uploads\/2023\/03\/Calendula-2023-scaled-e1678349929137-720x540.jpg 720w, https:\/\/hcwo.be\/wp-content\/uploads\/2023\/03\/Calendula-2023-scaled-e1678349929137.jpg 1024w\" sizes=\"auto, (max-width: 300px) 100vw, 300px\" \/><\/p>\n<p style=\"text-align: center;\">CHAMOMILLA<\/p>\n<p style=\"text-align: center;\"><img loading=\"lazy\" decoding=\"async\" class=\"aligncenter size-medium wp-image-968\" src=\"http:\/\/hcwo.be\/wp-content\/uploads\/2023\/03\/Chamomilla-2023-scaled-e1678349990243-300x225.jpg\" alt=\"\" width=\"300\" height=\"225\" srcset=\"https:\/\/hcwo.be\/wp-content\/uploads\/2023\/03\/Chamomilla-2023-scaled-e1678349990243-300x225.jpg 300w, https:\/\/hcwo.be\/wp-content\/uploads\/2023\/03\/Chamomilla-2023-scaled-e1678349990243-768x576.jpg 768w, https:\/\/hcwo.be\/wp-content\/uploads\/2023\/03\/Chamomilla-2023-scaled-e1678349990243-720x540.jpg 720w, https:\/\/hcwo.be\/wp-content\/uploads\/2023\/03\/Chamomilla-2023-scaled-e1678349990243.jpg 1024w\" sizes=\"auto, (max-width: 300px) 100vw, 300px\" \/><\/p>\n<p style=\"text-align: center;\">ECHINACEA:<\/p>\n<p><img loading=\"lazy\" decoding=\"async\" class=\"aligncenter size-medium wp-image-527\" src=\"http:\/\/hcwo.be\/wp-content\/uploads\/2019\/02\/HCWO-echinacea-1-300x225.jpg\" alt=\"\" width=\"300\" height=\"225\" srcset=\"https:\/\/hcwo.be\/wp-content\/uploads\/2019\/02\/HCWO-echinacea-1-300x225.jpg 300w, https:\/\/hcwo.be\/wp-content\/uploads\/2019\/02\/HCWO-echinacea-1-768x576.jpg 768w, https:\/\/hcwo.be\/wp-content\/uploads\/2019\/02\/HCWO-echinacea-1.jpg 1024w, https:\/\/hcwo.be\/wp-content\/uploads\/2019\/02\/HCWO-echinacea-1-720x540.jpg 720w\" sizes=\"auto, (max-width: 300px) 100vw, 300px\" \/><\/p>\n<p style=\"text-align: center;\">EUCALYPTUS:<\/p>\n<p style=\"text-align: center;\"><img loading=\"lazy\" decoding=\"async\" class=\"aligncenter size-medium wp-image-528\" src=\"http:\/\/hcwo.be\/wp-content\/uploads\/2019\/02\/HCWO-eucalyptus-2-300x225.jpg\" alt=\"\" width=\"300\" height=\"225\" srcset=\"https:\/\/hcwo.be\/wp-content\/uploads\/2019\/02\/HCWO-eucalyptus-2-300x225.jpg 300w, https:\/\/hcwo.be\/wp-content\/uploads\/2019\/02\/HCWO-eucalyptus-2-768x576.jpg 768w, https:\/\/hcwo.be\/wp-content\/uploads\/2019\/02\/HCWO-eucalyptus-2.jpg 1024w, https:\/\/hcwo.be\/wp-content\/uploads\/2019\/02\/HCWO-eucalyptus-2-720x540.jpg 720w\" sizes=\"auto, (max-width: 300px) 100vw, 300px\" \/><\/p>\n<p style=\"text-align: center;\">GINKGO:<\/p>\n<p style=\"text-align: center;\"><img loading=\"lazy\" decoding=\"async\" class=\"aligncenter size-medium wp-image-536\" src=\"http:\/\/hcwo.be\/wp-content\/uploads\/2019\/02\/IMG_3383-300x200.jpg\" alt=\"\" width=\"300\" height=\"200\" srcset=\"https:\/\/hcwo.be\/wp-content\/uploads\/2019\/02\/IMG_3383-300x200.jpg 300w, https:\/\/hcwo.be\/wp-content\/uploads\/2019\/02\/IMG_3383-768x512.jpg 768w, https:\/\/hcwo.be\/wp-content\/uploads\/2019\/02\/IMG_3383-1024x683.jpg 1024w, https:\/\/hcwo.be\/wp-content\/uploads\/2019\/02\/IMG_3383-720x480.jpg 720w\" sizes=\"auto, (max-width: 300px) 100vw, 300px\" \/><\/p>\n<p style=\"text-align: center;\">LAVENDULA:<\/p>\n<p style=\"text-align: center;\"><img loading=\"lazy\" decoding=\"async\" class=\"aligncenter size-medium wp-image-530\" src=\"http:\/\/hcwo.be\/wp-content\/uploads\/2019\/02\/HCWO-lavendula-1-300x225.jpg\" alt=\"\" width=\"300\" height=\"225\" srcset=\"https:\/\/hcwo.be\/wp-content\/uploads\/2019\/02\/HCWO-lavendula-1-300x225.jpg 300w, https:\/\/hcwo.be\/wp-content\/uploads\/2019\/02\/HCWO-lavendula-1-768x576.jpg 768w, https:\/\/hcwo.be\/wp-content\/uploads\/2019\/02\/HCWO-lavendula-1.jpg 1024w, https:\/\/hcwo.be\/wp-content\/uploads\/2019\/02\/HCWO-lavendula-1-720x540.jpg 720w\" sizes=\"auto, (max-width: 300px) 100vw, 300px\" \/><\/p>\n<p style=\"text-align: center;\">LOTUS:<\/p>\n<p style=\"text-align: center;\"><img loading=\"lazy\" decoding=\"async\" class=\"aligncenter size-medium wp-image-521\" src=\"http:\/\/hcwo.be\/wp-content\/uploads\/2019\/02\/LOTUS-2019-4-300x225.jpg\" alt=\"\" width=\"300\" height=\"225\" srcset=\"https:\/\/hcwo.be\/wp-content\/uploads\/2019\/02\/LOTUS-2019-4-300x225.jpg 300w, https:\/\/hcwo.be\/wp-content\/uploads\/2019\/02\/LOTUS-2019-4-768x576.jpg 768w, https:\/\/hcwo.be\/wp-content\/uploads\/2019\/02\/LOTUS-2019-4-1024x768.jpg 1024w, https:\/\/hcwo.be\/wp-content\/uploads\/2019\/02\/LOTUS-2019-4-720x540.jpg 720w\" sizes=\"auto, (max-width: 300px) 100vw, 300px\" \/><\/p>\n<p style=\"text-align: center;\">MENTHA:<\/p>\n<p style=\"text-align: center;\"><img loading=\"lazy\" decoding=\"async\" class=\"aligncenter size-medium wp-image-525\" src=\"http:\/\/hcwo.be\/wp-content\/uploads\/2019\/02\/HCWO-Mentha-6-300x225.jpg\" alt=\"\" width=\"300\" height=\"225\" srcset=\"https:\/\/hcwo.be\/wp-content\/uploads\/2019\/02\/HCWO-Mentha-6-300x225.jpg 300w, https:\/\/hcwo.be\/wp-content\/uploads\/2019\/02\/HCWO-Mentha-6-768x576.jpg 768w, https:\/\/hcwo.be\/wp-content\/uploads\/2019\/02\/HCWO-Mentha-6-1024x768.jpg 1024w, https:\/\/hcwo.be\/wp-content\/uploads\/2019\/02\/HCWO-Mentha-6-720x540.jpg 720w, https:\/\/hcwo.be\/wp-content\/uploads\/2019\/02\/HCWO-Mentha-6.jpg 1280w\" sizes=\"auto, (max-width: 300px) 100vw, 300px\" \/><\/p>\n<p style=\"text-align: center;\">PASSIFLORA:<\/p>\n<p style=\"text-align: center;\"><img loading=\"lazy\" decoding=\"async\" class=\"aligncenter size-medium wp-image-531\" src=\"http:\/\/hcwo.be\/wp-content\/uploads\/2019\/02\/HCWO-passiflora-1-300x225.jpg\" alt=\"\" width=\"300\" height=\"225\" srcset=\"https:\/\/hcwo.be\/wp-content\/uploads\/2019\/02\/HCWO-passiflora-1-300x225.jpg 300w, https:\/\/hcwo.be\/wp-content\/uploads\/2019\/02\/HCWO-passiflora-1-768x576.jpg 768w, https:\/\/hcwo.be\/wp-content\/uploads\/2019\/02\/HCWO-passiflora-1.jpg 1024w, https:\/\/hcwo.be\/wp-content\/uploads\/2019\/02\/HCWO-passiflora-1-720x540.jpg 720w\" sizes=\"auto, (max-width: 300px) 100vw, 300px\" \/><\/p>\n<p style=\"text-align: center;\">YLANG:<\/p>\n<p style=\"text-align: center;\"><img loading=\"lazy\" decoding=\"async\" class=\"aligncenter size-medium wp-image-535\" src=\"http:\/\/hcwo.be\/wp-content\/uploads\/2019\/02\/HCWO-Ylang-1-300x225.jpg\" alt=\"\" width=\"300\" height=\"225\" srcset=\"https:\/\/hcwo.be\/wp-content\/uploads\/2019\/02\/HCWO-Ylang-1-300x225.jpg 300w, https:\/\/hcwo.be\/wp-content\/uploads\/2019\/02\/HCWO-Ylang-1-768x576.jpg 768w, https:\/\/hcwo.be\/wp-content\/uploads\/2019\/02\/HCWO-Ylang-1.jpg 1024w, https:\/\/hcwo.be\/wp-content\/uploads\/2019\/02\/HCWO-Ylang-1-720x540.jpg 720w\" sizes=\"auto, (max-width: 300px) 100vw, 300px\" \/><\/p>\n<p style=\"text-align: center;\">\n<p style=\"text-align: center;\">WACHTZAAL\/ SALLE D&#8217;ATTENTE:<\/p>\n<p style=\"text-align: center;\"><img loading=\"lazy\" decoding=\"async\" class=\"aligncenter size-medium wp-image-534\" src=\"http:\/\/hcwo.be\/wp-content\/uploads\/2019\/02\/HCWO-wachtzaal-1-300x225.jpg\" alt=\"\" width=\"300\" height=\"225\" srcset=\"https:\/\/hcwo.be\/wp-content\/uploads\/2019\/02\/HCWO-wachtzaal-1-300x225.jpg 300w, https:\/\/hcwo.be\/wp-content\/uploads\/2019\/02\/HCWO-wachtzaal-1-768x576.jpg 768w, https:\/\/hcwo.be\/wp-content\/uploads\/2019\/02\/HCWO-wachtzaal-1.jpg 1024w, https:\/\/hcwo.be\/wp-content\/uploads\/2019\/02\/HCWO-wachtzaal-1-720x540.jpg 720w\" sizes=\"auto, (max-width: 300px) 100vw, 300px\" \/><\/p>\n<p style=\"text-align: center;\"><img loading=\"lazy\" decoding=\"async\" class=\"aligncenter size-medium wp-image-560\" src=\"http:\/\/hcwo.be\/wp-content\/uploads\/2019\/02\/Photos-HCWO-2017-Arnica-5-300x225.jpg\" alt=\"\" width=\"300\" height=\"225\" srcset=\"https:\/\/hcwo.be\/wp-content\/uploads\/2019\/02\/Photos-HCWO-2017-Arnica-5-300x225.jpg 300w, https:\/\/hcwo.be\/wp-content\/uploads\/2019\/02\/Photos-HCWO-2017-Arnica-5-768x576.jpg 768w, https:\/\/hcwo.be\/wp-content\/uploads\/2019\/02\/Photos-HCWO-2017-Arnica-5-1024x768.jpg 1024w, https:\/\/hcwo.be\/wp-content\/uploads\/2019\/02\/Photos-HCWO-2017-Arnica-5-720x540.jpg 720w, https:\/\/hcwo.be\/wp-content\/uploads\/2019\/02\/Photos-HCWO-2017-Arnica-5.jpg 2016w\" sizes=\"auto, (max-width: 300px) 100vw, 300px\" \/><\/p>\n<p style=\"text-align: center;\">ENTREE &#8211; 1\u00b0 ETAGE &#8211; 2\u00b0 ETAGE:<\/p>\n<p style=\"text-align: center;\"><img loading=\"lazy\" decoding=\"async\" class=\"aligncenter size-medium wp-image-316\" src=\"http:\/\/hcwo.be\/wp-content\/uploads\/2017\/02\/hcwo-4-photo-website-2017-300x226.jpg\" alt=\"\" width=\"300\" height=\"226\" srcset=\"https:\/\/hcwo.be\/wp-content\/uploads\/2017\/02\/hcwo-4-photo-website-2017-300x226.jpg 300w, https:\/\/hcwo.be\/wp-content\/uploads\/2017\/02\/hcwo-4-photo-website-2017.jpg 617w\" sizes=\"auto, (max-width: 300px) 100vw, 300px\" \/><\/p>\n<p style=\"text-align: center;\"><img loading=\"lazy\" decoding=\"async\" class=\"aligncenter size-medium wp-image-561\" src=\"http:\/\/hcwo.be\/wp-content\/uploads\/2019\/02\/Photos-HCWO-2017-Arnica-6-300x225.jpg\" alt=\"\" width=\"300\" height=\"225\" srcset=\"https:\/\/hcwo.be\/wp-content\/uploads\/2019\/02\/Photos-HCWO-2017-Arnica-6-300x225.jpg 300w, https:\/\/hcwo.be\/wp-content\/uploads\/2019\/02\/Photos-HCWO-2017-Arnica-6-768x576.jpg 768w, https:\/\/hcwo.be\/wp-content\/uploads\/2019\/02\/Photos-HCWO-2017-Arnica-6-1024x768.jpg 1024w, https:\/\/hcwo.be\/wp-content\/uploads\/2019\/02\/Photos-HCWO-2017-Arnica-6-720x540.jpg 720w, https:\/\/hcwo.be\/wp-content\/uploads\/2019\/02\/Photos-HCWO-2017-Arnica-6.jpg 2016w\" sizes=\"auto, (max-width: 300px) 100vw, 300px\" \/><\/p>\n<p style=\"text-align: center;\">\n","protected":false},"excerpt":{"rendered":"<p>Nos 12 different Espaces Th\u00e9rapeutiques: HCWO (c\u00f4t\u00e9 rue) ARNICA ECHINACEA EUCALYPTUS GINKGO LOTUS CALENDULA CHAMOMILLA HCWO (C\u00f4te jardin) MENTHA LAVENDULA PASSIFLORA YLANG BELLADONNA FOTOS: ARNICA: BELLADONNA: CALENDULA CHAMOMILLA ECHINACEA: EUCALYPTUS: GINKGO: LAVENDULA: LOTUS: MENTHA: PASSIFLORA: YLANG: WACHTZAAL\/ SALLE D&#8217;ATTENTE: ENTREE&#8230;<\/p>\n","protected":false},"author":1,"featured_media":0,"parent":0,"menu_order":0,"comment_status":"closed","ping_status":"closed","template":"","meta":{"_exactmetrics_skip_tracking":false,"_exactmetrics_sitenote_active":false,"_exactmetrics_sitenote_note":"","_exactmetrics_sitenote_category":0,"footnotes":""},"class_list":["post-88","page","type-page","status-publish","hentry"],"aioseo_notices":[],"_links":{"self":[{"href":"https:\/\/hcwo.be\/index.php?rest_route=\/wp\/v2\/pages\/88","targetHints":{"allow":["GET"]}}],"collection":[{"href":"https:\/\/hcwo.be\/index.php?rest_route=\/wp\/v2\/pages"}],"about":[{"href":"https:\/\/hcwo.be\/index.php?rest_route=\/wp\/v2\/types\/page"}],"author":[{"embeddable":true,"href":"https:\/\/hcwo.be\/index.php?rest_route=\/wp\/v2\/users\/1"}],"replies":[{"embeddable":true,"href":"https:\/\/hcwo.be\/index.php?rest_route=%2Fwp%2Fv2%2Fcomments&post=88"}],"version-history":[{"count":20,"href":"https:\/\/hcwo.be\/index.php?rest_route=\/wp\/v2\/pages\/88\/revisions"}],"predecessor-version":[{"id":970,"href":"https:\/\/hcwo.be\/index.php?rest_route=\/wp\/v2\/pages\/88\/revisions\/970"}],"wp:attachment":[{"href":"https:\/\/hcwo.be\/index.php?rest_route=%2Fwp%2Fv2%2Fmedia&parent=88"}],"curies":[{"name":"wp","href":"https:\/\/api.w.org\/{rel}","templated":true}]}}