{"id":809,"date":"2021-03-01T10:35:39","date_gmt":"2021-03-01T09:35:39","guid":{"rendered":"http:\/\/hcwo.be\/?page_id=809"},"modified":"2022-11-25T11:57:35","modified_gmt":"2022-11-25T10:57:35","slug":"swennen-gaetan-massotherapie","status":"publish","type":"page","link":"https:\/\/hcwo.be\/?page_id=809","title":{"rendered":"Swennen Gaetan (Massotherapie)"},"content":{"rendered":"\n<figure class=\"wp-block-image size-large\"><img loading=\"lazy\" decoding=\"async\" width=\"1024\" height=\"683\" src=\"http:\/\/hcwo.be\/wp-content\/uploads\/2021\/03\/Gaetan-Swennen-massage-correctie-1024x683.jpg\" alt=\"\" class=\"wp-image-821\" srcset=\"https:\/\/hcwo.be\/wp-content\/uploads\/2021\/03\/Gaetan-Swennen-massage-correctie-1024x683.jpg 1024w, https:\/\/hcwo.be\/wp-content\/uploads\/2021\/03\/Gaetan-Swennen-massage-correctie-300x200.jpg 300w, https:\/\/hcwo.be\/wp-content\/uploads\/2021\/03\/Gaetan-Swennen-massage-correctie-768x512.jpg 768w, https:\/\/hcwo.be\/wp-content\/uploads\/2021\/03\/Gaetan-Swennen-massage-correctie-1536x1024.jpg 1536w, https:\/\/hcwo.be\/wp-content\/uploads\/2021\/03\/Gaetan-Swennen-massage-correctie-720x480.jpg 720w, https:\/\/hcwo.be\/wp-content\/uploads\/2021\/03\/Gaetan-Swennen-massage-correctie.jpg 2048w\" sizes=\"auto, (max-width: 1024px) 100vw, 1024px\" \/><\/figure>\n\n\n\n<ul class=\"wp-block-list\" id=\"block-3967ce2c-27de-48e6-9fb9-12e973dce1a4\"><li><strong><strong>Th\u00e9rapie : <\/strong>massoth\u00e9rapie &#8211; massage wellness\/bien-\u00eatre<\/strong><\/li><li><strong>Cabinet\u00a0: lotus<\/strong><\/li><li><strong>Pr\u00e9sence :\u00a0lundi, mardi, mercredi, jeudi &amp; vendredi<\/strong>. <\/li><li><strong>GSM :\u00a00032 485145449<\/strong><\/li><li><strong>Email :\u00a0<\/strong><a href=\"mailto:gaetanswennen@gmail.com\" target=\"_blank\" rel=\"noopener\" title=\"\">gaetanswennen@gmail.com<\/a><\/li><li><strong>Langues : FR &#8211; NL &#8211; ENG &#8211; ES &#8211; DU <\/strong><\/li><li><strong>Site web: <a href=\"http:\/\/www.gomassagepro.com\" target=\"_blank\" rel=\"noopener\" title=\"\">www.gomassagepro.com<\/a><\/strong><\/li><\/ul>\n\n\n\n<p>Tout le monde peut profiter d&#8217;un bon massage, \u00e7a fait toujours du bien!&nbsp;<br>Se faire masser cela permet entre autre:<\/p>\n\n\n\n<ul class=\"wp-block-list\"><li>la relaxation<\/li><li>diminuer les tensions et stress du quotidien<\/li><li>\u00e9vacuer la fatigue<\/li><li>apaiser le mental<\/li><li>calmer la nervosit\u00e9 et l&#8217;anxi\u00e9t\u00e9<\/li><li>permettre un sommeil plus r\u00e9parateur<\/li><\/ul>\n\n\n\n<p>Apr\u00e8s plus de 25 ans pass\u00e9s \u00e0 l&#8217;\u00e9tranger en France, en Allemagne, en Espagne, en Afrique, en Indon\u00e9sie, en Australie et \u00e0 Hawaii, me voil\u00e0 de retour en Belgique.&nbsp;<\/p>\n\n\n\n<p>Ma passion du massage \u00e0 commenc\u00e9 depuis mon premier voyage en Indon\u00e9sie en 2001. Apr\u00e8s y \u00eatre retourn\u00e9 plusieurs fois et surtout avoir profit\u00e9 de nombreux massages sur place, j&#8217;ai pris go\u00fbt petit \u00e0 petit \u00e0 aussi donner des massages aux gens et le bienfait que cela apporte aux personnes qui se font masser surtout vivant aux alentours d&#8217;une grande ville comme Bruxelles ou on peut ressentir le stress dans le quotidien, la fatigue qu&#8217;on accumule, les douleurs qu&#8217;on peut ressentir partout sur son corps.<\/p>\n\n\n\n<p>Ayant suivi des formations en massage bien-\u00eatre \/ wellness en Indon\u00e9sie et aussi de nombreuses formations professionnelles dans plusieurs centres en Belgique, j&#8217;ai pris la d\u00e9cision en 2020 d&#8217;en faire mon m\u00e9tier et de vivre de ma passion! Il y a tellement de techniques diff\u00e9rentes de massage \u00e0 apprendre que je continue de suivre des formations continuellement car l&#8217;univers du massage est tellement passionnant. Voici les massages que je peux vous proposer:&nbsp; &nbsp; &nbsp; &nbsp;<\/p>\n\n\n\n<ul class=\"wp-block-list\"><li>Massage californien (massage relaxant et doux)<\/li><li>Massage su\u00e9dois (massage relaxant et tonifiant)<\/li><li>Massage des jambes lourdes<\/li><li>Massage du dos stress\u00e9 (dos-nuque-cr\u00e2ne)<\/li><li>Massage sportif<\/li><li>Massage assis sur chaise&nbsp;<\/li><li>Massage aux pierres chaudes<\/li><li>Massage pour les personnes du 3\u00e8me \u00e2ge<\/li><li>Massage prenatal\/femme enceinte&nbsp;<\/li><\/ul>\n\n\n\n<p>N&#8217;attendez plus trop longtemps, \u00e0 votre tour de vous faire masser!<\/p>\n","protected":false},"excerpt":{"rendered":"<p>Th\u00e9rapie : massoth\u00e9rapie &#8211; massage wellness\/bien-\u00eatre Cabinet\u00a0: lotus Pr\u00e9sence :\u00a0lundi, mardi, mercredi, jeudi &amp; vendredi. GSM :\u00a00032 485145449 Email :\u00a0gaetanswennen@gmail.com Langues : FR &#8211; NL &#8211; ENG &#8211; ES &#8211; DU Site web: www.gomassagepro.com Tout le monde peut profiter d&#8217;un&#8230;<\/p>\n","protected":false},"author":1,"featured_media":0,"parent":0,"menu_order":0,"comment_status":"closed","ping_status":"closed","template":"","meta":{"_exactmetrics_skip_tracking":false,"_exactmetrics_sitenote_active":false,"_exactmetrics_sitenote_note":"","_exactmetrics_sitenote_category":0,"footnotes":""},"class_list":["post-809","page","type-page","status-publish","hentry"],"aioseo_notices":[],"_links":{"self":[{"href":"https:\/\/hcwo.be\/index.php?rest_route=\/wp\/v2\/pages\/809","targetHints":{"allow":["GET"]}}],"collection":[{"href":"https:\/\/hcwo.be\/index.php?rest_route=\/wp\/v2\/pages"}],"about":[{"href":"https:\/\/hcwo.be\/index.php?rest_route=\/wp\/v2\/types\/page"}],"author":[{"embeddable":true,"href":"https:\/\/hcwo.be\/index.php?rest_route=\/wp\/v2\/users\/1"}],"replies":[{"embeddable":true,"href":"https:\/\/hcwo.be\/index.php?rest_route=%2Fwp%2Fv2%2Fcomments&post=809"}],"version-history":[{"count":10,"href":"https:\/\/hcwo.be\/index.php?rest_route=\/wp\/v2\/pages\/809\/revisions"}],"predecessor-version":[{"id":908,"href":"https:\/\/hcwo.be\/index.php?rest_route=\/wp\/v2\/pages\/809\/revisions\/908"}],"wp:attachment":[{"href":"https:\/\/hcwo.be\/index.php?rest_route=%2Fwp%2Fv2%2Fmedia&parent=809"}],"curies":[{"name":"wp","href":"https:\/\/api.w.org\/{rel}","templated":true}]}}