{"id":248,"date":"2017-03-10T21:09:02","date_gmt":"2017-03-10T20:09:02","guid":{"rendered":"http:\/\/hcwo.be\/?page_id=248"},"modified":"2023-03-24T15:18:24","modified_gmt":"2023-03-24T14:18:24","slug":"de-ville-vinciane-life-coaching","status":"publish","type":"page","link":"https:\/\/hcwo.be\/?page_id=248","title":{"rendered":"de Ville Vinciane (Coaching parental \u2013 Pr\u00e9vention Burn-out &#8211; Coaching de couple)"},"content":{"rendered":"<ul>\n<li><strong>Th\u00e9rapie :\u00a0 Coaching parental &#8211; Pr\u00e9vention Burn-out<\/strong><\/li>\n<li><strong>Cabinet\u00a0: Mentha<\/strong><\/li>\n<li><strong>Pr\u00e9sence :\u00a0Lundi\u00a0 &amp; mardi, de 8H \u00e0 20H<\/strong><\/li>\n<li><strong>GSM :\u00a00476962648<\/strong><\/li>\n<li><strong>Email : vinciane.deville@gmail.com<\/strong><\/li>\n<li><strong>Langues : Fran\u00e7ais<\/strong><\/li>\n<\/ul>\n<p>Licenci\u00e9e en Sciences \u00c9conomiques, j\u2019ai r\u00e9orient\u00e9 ma carri\u00e8re pour suivre une formation de Conseil Conjugal et Familial (2010). J\u2019ai travaill\u00e9 durant 4 ans dans un Centre de Planning Familial tout en continuant \u00e0 me former\u00a0: Communication Non Violente, Discipline Positive, Mindfulness, Burn-out parental, Th\u00e9rapie br\u00e8ve (ABOS), Psychologie Positive bas\u00e9e sur les Neurosciences, EFT\u2026 Je propose des outils concrets et accessibles pour permettre \u00e0 chacun de s\u2019impliquer rapidement dans un processus de changement.<\/p>\n<p><strong>Le coaching parental, pourquoi\u00a0? <\/strong><\/p>\n<p>Si vous rencontrez des petites ou des grandes difficult\u00e9s dans votre r\u00f4le de parent, si vous vous posez des questions, si vous avez d\u00e9j\u00e0 tout essay\u00e9 avec votre enfant et que rien ne fonctionne, si vous souhaitez d\u00e9couvrir des cl\u00e9s sur le fonctionnement de l\u2019enfant et des solutions concr\u00e8tes et faciles \u00e0 mettre en place, alors le coaching parental est fait pour vous\u00a0!<\/p>\n<p>Sensibilis\u00e9e aux questions d\u2019\u00e9ducation et form\u00e9e notamment \u00e0 la psychologie adl\u00e9rienne et aux neurosciences, je vous accompagne afin de vous aider \u00e0 faire face aux difficult\u00e9s, minimes ou importantes, ou \u00e0 trouver des r\u00e9ponses aux questions rencontr\u00e9es dans votre r\u00f4le de parent.<\/p>\n<p>Chaque histoire est unique et, en pratique, je travaille sur base des situations concr\u00e8tes que vous vivez avec vos enfants. L\u2019\u00e9coute, le questionnement et quelques concepts \u00e9ducatifs cibl\u00e9s vous permettent de r\u00e9fl\u00e9chir \u00e0 la situation, de d\u00e9coder les comportements \u00ab\u00a0difficiles\u00a0\u00bb de vos enfants et de comprendre comment le probl\u00e8me se maintient. Je vous oriente ensuite vers une recherche de solutions, en vous proposant des outils simples et faciles \u00e0 exp\u00e9rimenter. Et je vous guide concr\u00e8tement dans la mise en place des outils que vous avez choisis.<\/p>\n<p>Les solutions sont concr\u00e8tes, adapt\u00e9es au fonctionnement parental et familial, et \u00e0 la personnalit\u00e9 de l\u2019enfant.\u00a0 G\u00e9n\u00e9ralement la situation \u00e9volue favorablement apr\u00e8s 1 ou 2 s\u00e9ances de coaching. Les effets positifs sont rapides et durables, ce qui vous permet de prendre conscience de l\u2019impact de votre attitude sur le comportement de vos enfants et de retrouver confiance dans vos comp\u00e9tences parentales.<\/p>\n<p>Gr\u00e2ce \u00e0 cette approche cadrante et bienveillante, parents et enfants se sentent respect\u00e9s et les enfants acqui\u00e8rent la volont\u00e9 de fonctionner de mani\u00e8re constructive et coop\u00e9rative au sein de la famille.<\/p>\n<p>Exemples de questions et de sujets abord\u00e9s avec les parents d\u2019enfants de 1 \u00e0 20 ans\u00a0et + :<\/p>\n<ul>\n<li>L&#8217;alimentation, le sommeil, la propret\u00e9, les &#8220;crises&#8221;, l&#8217;ob\u00e9issance, les peurs, la timidit\u00e9<\/li>\n<li>Les routines du matin et du soir, les jalousies et les disputes, la coop\u00e9ration, l&#8217;autonomie, les responsabilit\u00e9s<\/li>\n<li>Les probl\u00e8mes d&#8217;\u00e9tude, d\u2019attention, d&#8217;\u00e9crans, les comportements de retrait, d&#8217;apathie, de manque de confiance en soi, de r\u00e9bellion, d&#8217;agressivit\u00e9 verbale ou physique, les p\u00e9riodes d&#8217;anxi\u00e9t\u00e9 ou de d\u00e9prime<\/li>\n<li>Les difficult\u00e9s rencontr\u00e9es avec les enfants &#8220;HP&#8221;, &#8220;Dys&#8221; ou \u00e0 besoins sp\u00e9cifiques<\/li>\n<li>Les relations difficiles ou complexes avec vos enfants adolescents ou adultes<\/li>\n<\/ul>\n<p><strong>L\u2019\u00e9puisement et le burn-out parental<\/strong><\/p>\n<p>Form\u00e9e \u00e9galement \u00e0 la pr\u00e9vention et au traitement de l\u2019\u00e9puisement et du burn-out parental, je vous accompagne, pour r\u00e9fl\u00e9chir ensemble \u00e0 la situation et vous donner quelques cl\u00e9s afin de reprendre pied.<\/p>\n<p>Aborder la balance parentale &#8220;stresseurs\/ressources&#8221; est, par exemple, une belle \u00e9tape : elle permet au parent de visualiser le d\u00e9s\u00e9quilibre qui s&#8217;est install\u00e9 dans la situation et de d\u00e9cider des premi\u00e8res actions \u00e0 mener pour r\u00e9duire l&#8217;\u00e9puisement. Prendre soin de soi, apprendre \u00e0 d\u00e9compresser, trouver le soutien n\u00e9cessaire dans votre entourage, instaurer des temps de qualit\u00e9 en famille, demander de l&#8217;aide, utiliser l&#8217;humour, faire appel \u00e0 la coparentalit\u00e9 ou \u00e0 ses propres capacit\u00e9s&#8230; sont autant d&#8217;outils qui aident au r\u00e9\u00e9quilibrage de la balance et qui permettent de retrouver du bien-\u00eatre et du plaisir dans son r\u00f4le de parent.<\/p>\n<p><strong>En pratique<\/strong><\/p>\n<p>Je vous re\u00e7ois en individuel ou en couple pour aborder vos questions de parentalit\u00e9.<\/p>\n<p>L&#8217;accompagnement\u00a0peut \u00eatre ponctuel (1,2 ou 3 s\u00e9ances) ou en suivi r\u00e9gulier, en fonction de la situation et de vos besoins.<\/p>\n<p>Pour plus d\u2019information <a href=\"http:\/\/www.vincianedeville.be\">www.vincianedeville.be<\/a><\/p>\n<p>ou prendre un rendez-vous<em> GSM: 0476962648<\/em><\/p>\n","protected":false},"excerpt":{"rendered":"<p>Th\u00e9rapie :\u00a0 Coaching parental &#8211; Pr\u00e9vention Burn-out Cabinet\u00a0: Mentha Pr\u00e9sence :\u00a0Lundi\u00a0 &amp; mardi, de 8H \u00e0 20H GSM :\u00a00476962648 Email : vinciane.deville@gmail.com Langues : Fran\u00e7ais Licenci\u00e9e en Sciences \u00c9conomiques, j\u2019ai r\u00e9orient\u00e9 ma carri\u00e8re pour suivre une formation de Conseil Conjugal&#8230;<\/p>\n","protected":false},"author":1,"featured_media":0,"parent":0,"menu_order":0,"comment_status":"closed","ping_status":"closed","template":"","meta":{"_exactmetrics_skip_tracking":false,"_exactmetrics_sitenote_active":false,"_exactmetrics_sitenote_note":"","_exactmetrics_sitenote_category":0,"footnotes":""},"class_list":["post-248","page","type-page","status-publish","hentry"],"aioseo_notices":[],"_links":{"self":[{"href":"https:\/\/hcwo.be\/index.php?rest_route=\/wp\/v2\/pages\/248","targetHints":{"allow":["GET"]}}],"collection":[{"href":"https:\/\/hcwo.be\/index.php?rest_route=\/wp\/v2\/pages"}],"about":[{"href":"https:\/\/hcwo.be\/index.php?rest_route=\/wp\/v2\/types\/page"}],"author":[{"embeddable":true,"href":"https:\/\/hcwo.be\/index.php?rest_route=\/wp\/v2\/users\/1"}],"replies":[{"embeddable":true,"href":"https:\/\/hcwo.be\/index.php?rest_route=%2Fwp%2Fv2%2Fcomments&post=248"}],"version-history":[{"count":7,"href":"https:\/\/hcwo.be\/index.php?rest_route=\/wp\/v2\/pages\/248\/revisions"}],"predecessor-version":[{"id":973,"href":"https:\/\/hcwo.be\/index.php?rest_route=\/wp\/v2\/pages\/248\/revisions\/973"}],"wp:attachment":[{"href":"https:\/\/hcwo.be\/index.php?rest_route=%2Fwp%2Fv2%2Fmedia&parent=248"}],"curies":[{"name":"wp","href":"https:\/\/api.w.org\/{rel}","templated":true}]}}