{"id":236,"date":"2017-03-10T21:05:40","date_gmt":"2017-03-10T20:05:40","guid":{"rendered":"http:\/\/hcwo.be\/?page_id=236"},"modified":"2023-11-22T09:40:39","modified_gmt":"2023-11-22T08:40:39","slug":"theate-caroline-logopedie","status":"publish","type":"page","link":"https:\/\/hcwo.be\/?page_id=236","title":{"rendered":"Th\u00e9ate Caroline (Logop\u00e9die)"},"content":{"rendered":"<ul>\n<li><strong>Th\u00e9rapie :\u00a0logop\u00e9die<\/strong><\/li>\n<li><strong>Cabinet\u00a0:\u00a0 Ylang<\/strong><\/li>\n<li><strong>Pr\u00e9sence :\u00a0mardi, jeudi et vendredi<\/strong><\/li>\n<li><strong>Gsm\u00a0: 0478249692<\/strong><\/li>\n<li><strong>Email :\u00a0<a href=\"carolinetheate@gmail.com\">carolinetheate@gmail.com<\/a><\/strong><\/li>\n<li><strong>Langue : Fran\u00e7ais<\/strong><\/li>\n<\/ul>\n<p>Sp\u00e9cialisation :<\/p>\n<p>&#8211; troubles langagiers y compris chez le tr\u00e8s jeune enfant (retard de langage, TDL,..)<br \/>\n&#8211; Guidance parentale<br \/>\n&#8211; Stimulation chez l&#8217;enfant porteur de handicaps<br \/>\n&#8211; intervention pr\u00e9coce<\/p>\n","protected":false},"excerpt":{"rendered":"<p>Th\u00e9rapie :\u00a0logop\u00e9die Cabinet\u00a0:\u00a0 Ylang Pr\u00e9sence :\u00a0mardi, jeudi et vendredi Gsm\u00a0: 0478249692 Email :\u00a0carolinetheate@gmail.com Langue : Fran\u00e7ais Sp\u00e9cialisation : &#8211; troubles langagiers y compris chez le tr\u00e8s jeune enfant (retard de langage, TDL,..) &#8211; Guidance parentale &#8211; Stimulation chez l&#8217;enfant porteur&#8230;<\/p>\n","protected":false},"author":1,"featured_media":0,"parent":0,"menu_order":0,"comment_status":"closed","ping_status":"closed","template":"","meta":{"_exactmetrics_skip_tracking":false,"_exactmetrics_sitenote_active":false,"_exactmetrics_sitenote_note":"","_exactmetrics_sitenote_category":0,"footnotes":""},"class_list":["post-236","page","type-page","status-publish","hentry"],"aioseo_notices":[],"_links":{"self":[{"href":"https:\/\/hcwo.be\/index.php?rest_route=\/wp\/v2\/pages\/236","targetHints":{"allow":["GET"]}}],"collection":[{"href":"https:\/\/hcwo.be\/index.php?rest_route=\/wp\/v2\/pages"}],"about":[{"href":"https:\/\/hcwo.be\/index.php?rest_route=\/wp\/v2\/types\/page"}],"author":[{"embeddable":true,"href":"https:\/\/hcwo.be\/index.php?rest_route=\/wp\/v2\/users\/1"}],"replies":[{"embeddable":true,"href":"https:\/\/hcwo.be\/index.php?rest_route=%2Fwp%2Fv2%2Fcomments&post=236"}],"version-history":[{"count":5,"href":"https:\/\/hcwo.be\/index.php?rest_route=\/wp\/v2\/pages\/236\/revisions"}],"predecessor-version":[{"id":1066,"href":"https:\/\/hcwo.be\/index.php?rest_route=\/wp\/v2\/pages\/236\/revisions\/1066"}],"wp:attachment":[{"href":"https:\/\/hcwo.be\/index.php?rest_route=%2Fwp%2Fv2%2Fmedia&parent=236"}],"curies":[{"name":"wp","href":"https:\/\/api.w.org\/{rel}","templated":true}]}}