{"id":1125,"date":"2025-01-17T19:41:48","date_gmt":"2025-01-17T18:41:48","guid":{"rendered":"https:\/\/hcwo.be\/?page_id=1125"},"modified":"2025-01-17T19:50:16","modified_gmt":"2025-01-17T18:50:16","slug":"verbrugge-amandine-sage-femme","status":"publish","type":"page","link":"https:\/\/hcwo.be\/?page_id=1125","title":{"rendered":"Verbrugge Amandine (sage-femme)"},"content":{"rendered":"\n<figure class=\"wp-block-image size-full\"><img loading=\"lazy\" decoding=\"async\" width=\"336\" height=\"419\" src=\"https:\/\/hcwo.be\/wp-content\/uploads\/2025\/01\/foto-Amandine-Verbrugge-HCWO-kl.jpg\" alt=\"\" class=\"wp-image-1127\" srcset=\"https:\/\/hcwo.be\/wp-content\/uploads\/2025\/01\/foto-Amandine-Verbrugge-HCWO-kl.jpg 336w, https:\/\/hcwo.be\/wp-content\/uploads\/2025\/01\/foto-Amandine-Verbrugge-HCWO-kl-241x300.jpg 241w\" sizes=\"auto, (max-width: 336px) 100vw, 336px\" \/><\/figure>\n\n\n\n<ul class=\"wp-block-list\">\n<li><strong>Th\u00e9rapie : Sage-femme<\/strong><\/li>\n\n\n\n<li><strong>Cabinet&nbsp;: Lavendula<\/strong><\/li>\n\n\n\n<li><strong>Pr\u00e9sence :\u00a0Mardi<\/strong><\/li>\n\n\n\n<li><strong>GSM :\u00a0:\u00a0+32 (0)473 55 07 30<\/strong><\/li>\n\n\n\n<li><strong>Email :\u00a0<a href=\"mailto:verbruggeamandine@gmail.com\">verbruggeamandine@gmail.com<\/a><\/strong><\/li>\n\n\n\n<li><strong>Langues : FR<\/strong><\/li>\n<\/ul>\n\n\n\n<p>Dipl\u00f4m\u00e9e sage-femme en 2010, j&#8217;ai eu le plaisir de travailler pendant plus de 13 ans aux Cliniques Universitaires Saint-Luc, autant en salle de naissance, qu&#8217;en service de MIC (maternal intensive care) ou de maternit\u00e9. Ensuite, j&#8217;ai eu le besoin de voler de mes propres ailes afin de trouver un meilleur \u00e9quilibre entre ma vie de maman de 2 petits et ma vie professionnelle , et de retrouver la proximit\u00e9 avec les couples, les familles.<\/p>\n\n\n\n<p>Je m&#8217;\u00e9panouis depuis \u00e0 accompagner les jeunes parents d\u00e8s la grossesse par des s\u00e9ances de pr\u00e9parations globales \u00e0 la naissance et \u00e0 la parentalit\u00e9, jusqu&#8217;apr\u00e8s la naissance, en effectuant le suivi post-natal et ce jusqu&#8217;au 1 an du\/des b\u00e9b\u00e9(s).<\/p>\n\n\n\n<p>Parall\u00e8lement \u00e0 cela, je suis nutrith\u00e9rapeute certifi\u00e9e du CFNA (Centre de Formation en Nutrith\u00e9rapie Appliqu\u00e9e). Je me passionne pour la nutrition car, pour moi, c&#8217;est la base d&#8217;une bonne sant\u00e9.<\/p>\n\n\n\n<p>Le moment de la grossesse est une \u00e9tape importante pour la sant\u00e9 et le corps de la femme et il est primordial d&#8217;apporter tous les nutriments (micro et macro nutriments) essentiels au bon d\u00e9roulement de la grossesse, de l&#8217;accouchement, du post-partum\/allaitement et bien s\u00fbr essentiels \u00e0 la bonne sant\u00e9 du b\u00e9b\u00e9 \u00e0 court et long terme.<\/p>\n\n\n\n<p>Etre enceinte ne signifie pas &#8220;manger pour 2&#8221; mais &#8220;manger 2x mieux&#8221;!<\/p>\n\n\n\n<p>Je propose donc ici: <br>&#8211; des s\u00e9ances de pr\u00e9parations globales \u00e0 la naissance et \u00e0 la parentalit\u00e9<br>&#8211; des consultations de nutrith\u00e9rapie pour les couples d\u00e8s le d\u00e9sir de grossesse, les femmes enceintes, les mamans en post-partum ou allaitantes<br>&#8211; des s\u00e9ances d&#8217;infos sur la diversification alimentaire du b\u00e9b\u00e9.<\/p>\n\n\n\n<p>Je me sp\u00e9cialise aussi en hormonologie pour accompagner les femmes de la pubert\u00e9 \u00e0 la m\u00e9nopause.<br>Les papas \/ co-parents sont toujours les bienvenus car bien manger s&#8217;apprend en famille!<\/p>\n","protected":false},"excerpt":{"rendered":"<p>Dipl\u00f4m\u00e9e sage-femme en 2010, j&#8217;ai eu le plaisir de travailler pendant plus de 13 ans aux Cliniques Universitaires Saint-Luc, autant en salle de naissance, qu&#8217;en service de MIC (maternal intensive care) ou de maternit\u00e9. Ensuite, j&#8217;ai eu le besoin de&#8230;<\/p>\n","protected":false},"author":1,"featured_media":0,"parent":0,"menu_order":0,"comment_status":"closed","ping_status":"closed","template":"","meta":{"_exactmetrics_skip_tracking":false,"_exactmetrics_sitenote_active":false,"_exactmetrics_sitenote_note":"","_exactmetrics_sitenote_category":0,"footnotes":""},"class_list":["post-1125","page","type-page","status-publish","hentry"],"aioseo_notices":[],"_links":{"self":[{"href":"https:\/\/hcwo.be\/index.php?rest_route=\/wp\/v2\/pages\/1125","targetHints":{"allow":["GET"]}}],"collection":[{"href":"https:\/\/hcwo.be\/index.php?rest_route=\/wp\/v2\/pages"}],"about":[{"href":"https:\/\/hcwo.be\/index.php?rest_route=\/wp\/v2\/types\/page"}],"author":[{"embeddable":true,"href":"https:\/\/hcwo.be\/index.php?rest_route=\/wp\/v2\/users\/1"}],"replies":[{"embeddable":true,"href":"https:\/\/hcwo.be\/index.php?rest_route=%2Fwp%2Fv2%2Fcomments&post=1125"}],"version-history":[{"count":3,"href":"https:\/\/hcwo.be\/index.php?rest_route=\/wp\/v2\/pages\/1125\/revisions"}],"predecessor-version":[{"id":1130,"href":"https:\/\/hcwo.be\/index.php?rest_route=\/wp\/v2\/pages\/1125\/revisions\/1130"}],"wp:attachment":[{"href":"https:\/\/hcwo.be\/index.php?rest_route=%2Fwp%2Fv2%2Fmedia&parent=1125"}],"curies":[{"name":"wp","href":"https:\/\/api.w.org\/{rel}","templated":true}]}}